t x be u(-9). Suppose 0 = -5*a + x + 1. Suppose -a*c = -20 - 0. Let f(j) = -3*j + 7. What is f(c)?
-8
Let p(w) = w**3 - 3*w**2 - 3*w - 5. Suppose 2*n = 4*o + 4*n - 12, -5*n - 14 = -o. Determine p(o).
-1
Let a(d) = -3*d**2 - 1. Let k(z) = -z**2 - z - 1. Let m(x) = x - 8. Let n be m(7). Let c(s) = n*a(s) + 2*k(s). Give c(4).
7
Let q(x) = 15*x**2 - 2*x - 1. Let l be 2*1/(-6)*3. Calculate q(l).
16
Let x(j) be the first derivative of -j**2/2 - 12*j - 44. Determine x(-5).
-7
Suppose -2*y = z + 4 + 5, -4*z - 3*y = 21. Let d = -5 - z. Let x(b) = b**3 + 3*b**2 - 2. Determine x(d).
2
Let l(g) = 2*g**2 + 3 + 2*g**2 + 2*g**2 + g**3 + 3*g. Let d be (-82)/(-7) - (-4)/14. Let u = d + -17. What is l(u)?
13
Let s(v) be the third derivative of -v**5/60 + v**4/24 - 3*v**2. Let f(b) = -5*b**2 + b - 4. Let i(n) = f(n) - 4*s(n). Calculate i(-4).
-8
Let x be 25/(-6) + (-1)/(-6). Let f(y) = -2*y - 6. Let h(b) = 2*b + 6. Let p(i) = 4*f(i) + 5*h(i). What is p(x)?
-2
Let m(l) be the first derivative of l**4/4 - l + 2. Let j be ((-12)/10)/((-6)/(-20)). Let d = -4 - j. Determine m(d).
-1
Let n(b) = 5*b + 11. Let c(u) = -9*u - 23. Let j(p) = 4*c(p) + 7*n(p). Give j(0).
-15
Let m(w) = -w**2 + 6*w + 7. Let v be (-84)/7*(-3)/6. Calculate m(v).
7
Let n(s) be the third derivative of s**7/280 - s**6/360 - s**5/120 - s**4/24 - s**3/2 + s**2. Let k(x) be the first derivative of n(x). Determine k(-1).
-4
Let h(t) = 0 - 7 - 3*t + 8. Suppose o - 5 = 3*g - o, -4*o = 3*g - 1. Calculate h(g).
4
Let n(j) be the second derivative of j**6/120 - j**5/10 + j**4/24 - j**3/2 - 5*j**2/2 + 3*j. Let b(z) be the first derivative of n(z). What is b(6)?
3
Let y(w) = 4*w + 5. Suppose -27*g + 32*g = -25. Give y(g).
-15
Let r(v) = -5*v**2 + 5 + 4*v**2 - 4 - 4*v + 3. Calculate r(-6).
-8
Let m = -6 - -12. Let l(b) = 11*b**2 + 23*b + 3. Let d(o) = -5*o**2 - 11*o - 2. Let j(x) = 13*d(x) + 6*l(x). What is j(m)?
-2
Suppose -2*i = 2*i - 12. Let f(z) = 3 + z**3 - 2*z + 3*z + 0 - 4*z**2 + 1. Calculate f(i).
-2
Let y(g) be the first derivative of -3*g**4/2 - g**2/2 + 4. Give y(1).
-7
Let b(r) = 3*r - 2. Suppose -u - 6 + 9 = 0. Calculate b(u).
7
Let q(a) be the first derivative of a**2/2 - 10*a - 1. Suppose -3*w = r - 17, -3*w + 2*r - 5 + 34 = 0. Let v be q(w). Let x(o) = -4*o - 3. What is x(v)?
9
Let p = 78 + -73. Let k(n) be the third derivative of 2*n**2 - 1/24*n**4 + 2*n**3 + 0*n + 0. Determine k(p).
7
Suppose 5*n - 34 + 9 = 0. Let z(s) = -s**3 - s**2 - s. Let l(d) = 3*d**3 + 8*d**2 + 11*d. Let j(r) = -l(r) - 4*z(r). What is j(n)?
-10
Let t(j) = j**2 + 9*j + 6. Let d(c) = -2*c**2 - 17*c - 12. Let b(f) = 3*d(f) + 5*t(f). Let w(p) = -p**2 - 4*p + 6. Let o be w(-6). Give b(o).
-6
Let t be 1 - 0/2 - -2. Let p = 13 + -7. Let h(k) = -1 - p*k + 3*k + k. Give h(t).
-7
Let v(t) = 2*t - 3. Let l = 2 - -3. Suppose l*k + 5 = 15. What is v(k)?
1
Let c(t) be the second derivative of -t**4/12 - 2*t**3/3 - t**2/2 - 6*t. Give c(-4).
-1
Let k(m) = -m**2 - 3*m - 2. Let g(z) = -z + 6. Let q be g(3). Suppose 4*s + l = -11, 2 = q*s + 2*l + 4. What is k(s)?
-6
Let y be 54/(-10) + (-4)/(-10). Let z(x) = -8*x + 6. Let i(o) = 7*o - 5. Let b(a) = -7*i(a) - 6*z(a). What is b(y)?
4
Let u(y) = y**3 + 6*y**2 + 7*y - 1. Let r be 240/96*(-2*2)/2. What is u(r)?
-11
Suppose 2*y = 5*h - 0*y - 41, -4*h + 2*y = -34. Let a(q) = -3 + h*q - 4*q**2 - 3*q + 2*q**2. Give a(2).
-3
Let u be (-1)/(-2*1/2). Let h = u - -2. Let n(a) be the third derivative of -a**5/60 + a**4/8 - a**3/6 + a**2. Calculate n(h).
-1
Let r(h) be the third derivative of -h**4/12 + h**3/6 + h**2. Let a(w) = 5*w - 3. Let s(f) = -4*a(f) - 11*r(f). What is s(3)?
7
Let z(t) = -7*t - 4. Let o(h) = 13*h + 8. Let d(u) = 3*o(u) + 5*z(u). Let k(w) = -3*w - 3. Let s be k(-4). Let f = 6 - s. Determine d(f).
-8
Let s be ((-6)/(-18))/(2/30). Suppose -s*r + 24 = 4. Let l(v) = v**3 - 4*v**2 - v + 2. Calculate l(r).
-2
Let x(t) be the third derivative of -t**7/84 + t**6/180 + t**5/60 + t**4/24 + t**3/3 + 7*t**2. Let z(w) be the first derivative of x(w). Determine z(-1).
11
Let a(z) = 2 - 4*z + 4 + 0. Determine a(4).
-10
Let q = -142 + 148. Let f(b) = b**3 - 7*b**2 + 7*b + 2. Give f(q).
8
Let u(n) = 4*n**3 + n**2 - n + 1. Let a be ((-6)/(-9))/((-2)/(-9)). Suppose y - 4 = -a. Determine u(y).
5
Let g(k) = -k**3 - 2*k**2 - 3*k - 3. Suppose 5*x = 4*u + 91, 0 = -x - 3*u + 4 - 1. Let c be 10/4*(-12)/x. What is g(c)?
3
Let h(p) = -p + 2*p + p**2 - 7 - 4*p - 2*p. Give h(5).
-7
Let b = 0 - -6. Let s(j) = -4*j**2 - 9*j**2 + j**2 + 7*j + 11*j**2 - 1. Give s(b).
5
Let x(a) = a**3 - a**2 + 108 - 106 + 0*a**2. Determine x(0).
2
Let i(r) = 2*r - r - 2*r + 8 + 3. Suppose 2*s - 5*p - 22 = -2*p, 0 = 4*p + 16. What is i(s)?
6
Let p = 10 + -7. Let l(u) = -8 - p*u - 15 + 22. What is l(-2)?
5
Let j(u) = -6*u - 4. Let a be (2*15)/(-5) - -3. Give j(a).
14
Let w(i) be the third derivative of i**5/60 - i**4/4 + 7*i**3/6 - 17*i**2. Let q = 3 + 2. Determine w(q).
2
Suppose -40 = 2*m + m + y, -4*y = -m - 9. Let l = 6 + m. Let v(n) = n**3 + 7*n**2. Calculate v(l).
0
Suppose 38*b = 40*b + 16. Let r(h) = h + 4. Calculate r(b).
-4
Let v(b) be the second derivative of 0 - 1/6*b**4 + 1/3*b**3 - 1/2*b**2 + 3/20*b**5 + b. Let l be (-2 - -5) + -4 + (-22)/(-11). Give v(l).
2
Let b(x) = -11*x**2 + 20*x**2 - 10*x**2 - 1 - 2*x - 1. Give b(-3).
-5
Let b(u) = -3*u**2 + 3 - 2*u**2 - 4. Let s(m) = 3*m**2 + 3*m - 1 - 4*m - 4*m**2 - 5*m**2. Let a(z) = 5*b(z) - 4*s(z). What is a(4)?
-1
Let v(q) = 11*q + 4. Let b(y) = -32*y - 11. Let d(u) = -3*b(u) - 8*v(u). Give d(-1).
-7
Let p(l) = -2*l - 4. Let s be p(3). Let v = -6 - s. Let c(z) = -2*z - z**3 - 2 + 5 + z**2 + v*z**2. Calculate c(5).
-7
Suppose -21 = -0*g - 3*g. Let p = 4 - g. Let w(t) = -t**3 - 2*t**2. Give w(p).
9
Let t(u) = 7*u**3 - 5*u**2 + 6*u + 4. Let j(o) = -15*o**3 + 10*o**2 - 13*o - 9. Let c(h) = -6*j(h) - 13*t(h). Determine c(5).
2
Suppose 0 = -16*m + 23 + 25. Let o(v) = -v**3 + 3*v**2 + v + 1. Give o(m).
4
Let i(m) = 15*m**2 + 3. Let h(r) = 23*r**2 + 5. Let b(g) = -5*h(g) + 8*i(g). Give b(-1).
4
Let q(k) be the second derivative of k**3/3 - 7*k**2/2 + 4*k. Determine q(6).
5
Let v = -1 - -1. Suppose -3*q - 28 = -v*o + 5*o, 2*q + 16 = -3*o. Let r = 12 + o. Let n(x) = -x**2 + 6*x - 2. Determine n(r).
6
Suppose -7*x = -6*x + 9. Let a(m) = -m**3 - 9*m**2 + 1. Give a(x).
1
Let c(f) = 11*f**2 + 6*f + 1. Let h(t) = -10*t**2 - 5*t - 1. Let g(u) = -4*c(u) - 5*h(u). Calculate g(-1).
6
Let j(i) be the first derivative of i**4/4 + i**3/3 - i - 1. Let q(k) be the second derivative of -k**3/6 + 6*k**2 - 2*k. Let x be q(14). Give j(x).
-5
Let u(b) = b**2 - 6*b + 3. Let m(g) = -6*g - 8*g**2 - 3 + 4*g**2 + 3*g**2. Let y = 2 - 7. Let z be m(y). Give u(z).
-5
Let f be (2/(-3))/(4/(-30)). Let s(d) = 2*d**2 - 4 + 4*d - 4*d**2 - 1 - 8*d + 3*d**2. Calculate s(f).
0
Let r be (-12)/9*(-8 + 2 - -3). Let g(l) = l**2 - 3*l - 1. Give g(r).
3
Let z(m) = -5*m + 13*m + 9*m**2 - 4 - 341*m**3 + 342*m**3. What is z(-8)?
-4
Let k(v) = v**3 - 2*v**2 + 1. Let n be k(2). Let o(j) = 16*j**3 + j**2 - 2*j + 1. Give o(n).
16
Suppose c - 8 = -2*k + 1, 0 = -4*c + 2*k + 6. Let f(o) = -c - o - 1 - o. Calculate f(4).
-12
Let m(p) = 0 + 3*p**2 - 1 + 0 - 2*p. Let v be (-88)/(-20) - 4/10. Suppose -x - v = 3*x. Calculate m(x).
4
Let w(y) = -y**2 - y + 6. Let b(f) = 4*f + 2*f - 3*f - 2*f. Suppose 15 + 15 = -5*x. Let l(h) = x*b(h) - w(h). Determine l(5).
-6
Let h(a) be the third derivative of a**7/2520 - a**6/360 - a**5/120 + 7*a**4/24 + 8*a**2. Let x(g) be the second derivative of h(g). Give x(-1).
2
Let g(t) = 2*t - 4*t - 2*t - 6*t. Determine g(1).
-10
Let j(n) = -n**2 - 3*n - 8. Let c(h) = -h**2 - 4*h - 7. Let f(a) = -4*c(a) + 3*j(a). Let x = 8 - 3. Suppose x = -s - 0*s. Give f(s).
-6
Let z(o) = o**2. Let f be z(2). Let a be (-2)/f + 30/4. Let v = 2 - a. Let k(x) = -2*x - 3. Give k(v).
7
Let w(u) be the second derivative of -u**7/840 + u**6/180 - u**5/120 + 2*u**3/3 + 5*u. Let p(n) be the second derivative of w(n). Determine p(2).
-2
Let f(y) = -y**2 + 8*y - 4. Let s = 3 - -4. Let l be f(s). Let n(g) = g**2 - 5*g + 4. What is n(l)?
-2
Let x(m) be the second derivative of -m**3/3 - m**2/2 + 4*m. Let h = 10 + -5. Let w(y) = -y + 1. Let o be w(h). Determine x(o).
7
Let w(x) = -x + 4*x + x + 7*x**2 + 8 + x**3. Determine w(-6).
20
Le